 What is the units digit of u?
3
Let l = -41 - -39. Let r = l + 6. What is the units digit of r + 4/(3 - 7)?
3
Suppose -288*t + 293*t = 221780. Suppose 70*b - t = 18*b. What is the hundreds digit of b?
8
Suppose 0 = -97*l + 2151834 + 29793. What is the ten thousands digit of l?
2
Let b = 2613 + 1944. What is the hundreds digit of b?
5
Let b(s) = -s**2 + 10*s. Suppose -4*h + 4*t - 10 = -66, 5*h + 3*t = 30. Let y be b(h). Suppose y*f = 35 + 172. What is the units digit of f?
3
Suppose 13*j - 2*j - 22 = 0. Suppose j*w + w = 2*q + 431, -4*q = 3*w - 425. What is the units digit of w?
3
Suppose -4*k + 1177 = -1591. What is the units digit of k?
2
Let j be (-8373)/15 + -10 - 1/(-5). Let r = 816 + j. What is the units digit of r?
8
What is the thousands digit of -217*-2*(-20)/16*(-12)/2?
3
Let o(n) = 44 + 65*n + 12*n**2 - n**3 - 76*n + 6*n**2. What is the hundreds digit of o(16)?
3
Suppose 6*r - 1345 - 11471 = 0. Suppose 0 = 225*g - 221*g - r. What is the units digit of g?
4
Let u be 10/2*(-188)/10. Let l = u - -202. Suppose 3*g - 4*v - l = 0, 4*v - 18 = -6. What is the units digit of g?
0
Let m(k) = 13*k**2 - 55*k - 1084. What is the thousands digit of m(41)?
8
Let y(v) = v**3 - 10*v**2 - 12*v + 14. Let o be y(11). What is the hundreds digit of 454 + (-1 + 5 - o)?
4
Suppose -5*o = -x + 22247, 8*o - 6*o = -10. What is the thousands digit of x?
2
Suppose 3*l - 45 = 3*z, -5*l = -2*z + 6*z + 15. Let t(q) = -33*q + 60. What is the units digit of t(z)?
0
Let l(d) = -d**3 - 5*d**2 - 6*d - 5. Let y be l(-4). Suppose 4*h - 3012 - 2273 = -y*t, 0 = -2*h + t + 2655. What is the units digit of h?
5
What is the tens digit of (40622/8)/((39/(-4))/(-39))?
1
Suppose -2*k - r - 3885 = -6*k, k - 2*r - 966 = 0. Suppose 7*a = 967 + k. What is the tens digit of a?
7
Suppose 555778 = 263*o - 362355. What is the units digit of o?
1
Let h(k) = k - 6. Let s be h(14). Let g(i) = -i**2 + 10*i + 2. Let l be g(s). Let y(n) = -n**2 + 20*n + 1. What is the units digit of y(l)?
7
Let t(d) = -d**2 + 16*d - 60. Let n be t(10). Suppose n = 9*v - 20*v + 17512. What is the thousands digit of v?
1
Let x(v) = 17*v**2 - 6*v + 2. Suppose -7*b + 5 = -16. Suppose -2*i - b*i = 0, z + 5*i = -3. What is the tens digit of x(z)?
7
Suppose 0 = -4*y + 9*y + 2*a - 23732, 5*y - 4*a = 23756. What is the thousands digit of y?
4
Let i(d) = -2*d**3 + d**2. Let p be i(-1). Let g(y) = 3*y**3 - 3*y + 10*y**2 - 29*y**2 + 16*y**2 + 2. What is the units digit of g(p)?
7
Suppose k = w + 7, 0*k - 18 = k + 4*w. Suppose -k*q + u = q - 242, -4*u = 20. What is the units digit of q?
9
Suppose -h - 7 = -3*j, -2*h - 3*h - 3*j = -37. Suppose -h*z + 2065 = 5*d, -6*z + 1244 = -3*z + 2*d. What is the tens digit of z?
1
Suppose b - 26845 = 2*z, -231*b = -228*b - z - 80510. What is the hundreds digit of b?
8
Suppose 0 = 3*p - 4*h - 130248, 4*p + 3*h - 20759 - 152855 = 0. What is the ten thousands digit of p?
4
Let o(n) = 2*n**3 + n**2 + 3*n + 1. Let k be o(-2). Let w(l) = l**2 + 13*l - 25. Let m be w(k). Let i = 76 - m. What is the units digit of i?
3
Suppose -k = 0, 2*k - 6*k - 8 = -4*u. Suppose -b - 2*m + 1325 = u*b, -5*m + 1762 = 4*b. What is the units digit of b?
3
Let u(x) = -46*x**3 + 28*x + 89. What is the thousands digit of u(-3)?
1
Let x be (3 + -5)/((-2)/112). Let v = 327 - 329. What is the tens digit of v/6 + 1 + x/3?
3
Suppose -93070 = -9*h + 88613. What is the thousands digit of h?
0
Let b = -18021 + 27500. What is the thousands digit of b?
9
Suppose -2*w + 269*l - 274*l = -32879, 0 = -3*w + 2*l + 49290. What is the thousands digit of w?
6
Let x = -91 + 84. What is the hundreds digit of (516/(-9) - 2)/(x/21)?
1
Let i(k) = -k**2 + 4*k - 3. Let p be i(3). Suppose -10 = -2*a - p*a. Suppose 5*c - 22 = -2*r + 476, -a*c = 4*r - 496. What is the tens digit of c?
0
Suppose 6*b - 180 = -3*d + 4*b, 4*b - 186 = -3*d. Let j = -125 - -166. Let n = d - j. What is the tens digit of n?
1
Let j(x) = x**2 - 30*x + 94. Let l be 164/5 - 168/210. What is the units digit of j(l)?
8
Let g = 6909 + -3880. What is the tens digit of g?
2
Let c = -10 + 22. Suppose c*u - 17*u = -3140. Suppose u = 12*q - 8*q. What is the units digit of q?
7
Let w be (-5 - 0 - -120)*26. Let l = -1971 + w. What is the hundreds digit of l?
0
Let w = 5842 - 3760. What is the hundreds digit of w?
0
Let g = -733 + 251. Let w = g + 1050. What is the hundreds digit of w?
5
Let h = -748 + 5690. What is the thousands digit of h?
4
Let p = 2956 + -1721. Let r = p - 807. What is the units digit of r?
8
What is the tens digit of 38/(-5415)*-19 - 154948/(-15)?
3
Suppose 17*d - 12*d - 1 = 3*i, 2*i = -d - 5. What is the hundreds digit of (i - 3 - 0) + 595?
5
Let c(b) be the first derivative of 14*b**2 - 7*b - 45. What is the units digit of c(9)?
5
Let u be (-2)/(1*2/(-1987)). Suppose 2*b - b - u = -4*o, 3*b = -15. What is the tens digit of o?
9
Suppose -70*f + 395850 = -35*f. What is the tens digit of f?
1
Suppose 0 = -r + 4*h + 2582, 5*r = -4*h - h + 12860. Suppose -270 = -6*s + r. What is the units digit of s?
4
Let z = 118 - -234. Let u = 1087 - z. What is the units digit of u?
5
Let t be ((-15)/10 - 1)*-38. Let c = t + -96. What is the units digit of c + 218 + (-8)/12*-3?
9
Let f(p) = -54*p + 4299. What is the thousands digit of f(-64)?
7
Let z(w) = -7*w**2 - 1447*w + 30. What is the tens digit of z(-41)?
9
Suppose 2*m = -6, -15 = -7*c + 4*c - 4*m. Suppose -2*r = -c - 13. Let j = r + 59. What is the tens digit of j?
7
What is the tens digit of ((-3)/4)/(23/(-115644))?
7
Let v(n) = 116*n - 142. Suppose 0 = 17*k - 209 + 22. What is the tens digit of v(k)?
3
Suppose 2*a = 4*d + 1742 + 82, -d - 915 = -a. Let t = 1409 - a. What is the tens digit of t?
9
Let w = 113 - 202. Let v = 155 + w. What is the units digit of 1/(4/(-26))*v/(-11)?
9
Let b be ((-608)/(-95))/(2*3/15). Suppose -4295 = 11*v - b*v. What is the units digit of v?
9
Let z be (1826/88)/(3/4 - 1). Let c = 144 - z. What is the hundreds digit of c?
2
What is the tens digit of 8 - ((-8)/12)/(22/750453)?
4
Let l be 6 - 32/(-2 + -2). Suppose -5*r + 3923 = -3*g, r = 11*g - l*g + 781. What is the tens digit of r?
8
Let p(x) = 19*x - 15. Let r be p(-7). Let f = -83 - r. Let m = 113 - f. What is the tens digit of m?
4
Let f be (3/(-4))/(2*1/(-8)). Let w(j) = -5 + f*j - 7*j + 4 - 9*j. What is the units digit of w(-16)?
7
What is the tens digit of ((-2798)/((3 - 2) + 0/(-2)))/(-2)?
9
Let z = 162 + -160. Suppose 5*i = -4*n + 196, -2*n = -4*i + z*n + 164. What is the units digit of i?
0
Let z = 6329 - 785. Suppose 105*h - z = 97*h. What is the tens digit of h?
9
Let h(f) = -3*f + 2. Let z be h(-1). Suppose i - z*i + 364 = w, 3*w = -4*i + 372. Let s = 215 - i. What is the tens digit of s?
2
Let z be -103 + (8 - (0 + 3)) - -2. Let c = 228 + -36. Let n = c + z. What is the units digit of n?
6
Let i(y) be the third derivative of -y**6/120 - y**5/60 + y**3/3 + 74*y**2. What is the tens digit of i(-9)?
5
Suppose z = -4*v - 3*z + 40, 15 = 4*v - z. Suppose -271 = -v*s + 4*s. What is the tens digit of s?
7
Suppose -3*j + 2*s + 2 = 0, -5*s + 5 = -j - 3. Let z be ((-24)/9)/(j/(-126)). Suppose 12*y = 11*y + z. What is the units digit of y?
8
Suppose -w = 868 - 864, 2134 = g - 4*w. What is the hundreds digit of g?
1
Suppose -w + 2 = 0, 0*k = -3*k + w + 4. Suppose 0 = 2*c + 2*c + 1304. What is the hundreds digit of (3 - 1 - c)/k?
1
What is the ten thousands digit of (-2 + 8)/((-90)/(-291000))?
1
Let r(h) = -554*h**3 + h**2 + 14*h + 64. What is the hundreds digit of r(-4)?
4
Let c(l) = -1081*l + 23. Let v be c(-2). Suppose 0 = 10*a - 15*a + v. What is the tens digit of a?
3
Let i(m) = 87*m**3 + 7*m**2 + 88*m - 452. What is the thousands digit of i(5)?
1
Suppose 140*v = 156*v. Let c(i) = i**3 + 2*i**2 + 289. What is the tens digit of c(v)?
8
Let f(j) = -1220*j - 124. What is the thousands digit of f(-7)?
8
Let d = -45 - -357. Suppose -3*b + 588 = -d. What is the hundreds digit of b?
3
Suppose 22*a = 26*a. Suppose -2*r + a*r = -2*j + 10, -3*r - 9 = 0. What is the tens digit of j/(-6) + 5517/27?
0
Let h(v) = -v + 33. Let c be h(28). Suppose -127 = -l + 3*j, 0*l + c*j + 121 = l. What is the hundreds digit of l?
1
Let j(c) = 3*c + 10. Let m be 766/(-14) + 6/(-21). Let t = m - -63. What is the tens digit of j(t)?
3
Suppose 3*w + 5263 = 4*t - 